der when q is divided by 130?
42
Let w(j) = -55*j + 3962. What is the remainder when w(60) is divided by 35?
32
Suppose -23*t + 0 + 19 = -27. What is the remainder when 9 is divided by t?
1
Suppose 3*t + 44 = 140. Suppose 2*h - t = 116. What is the remainder when h is divided by 15?
14
Let f = 29 + -14. Let x = 129 + -222. Let t = -66 - x. Calculate the remainder when t is divided by f.
12
Suppose -3*q = 3*w - 504, -q + 7*w + 162 = 2*w. Let a be 2/(-7) - (-4 - (-2766)/21). Let s = a + q. What is the remainder when s is divided by 10?
9
Calculate the remainder when (-3707)/(-8) - 60/160 is divided by 47.
40
Let v(l) = 3*l**2 - 35*l + 27. Let h be (-5)/(-25) - 354/(-30). Let q(b) = -b**2 - b + 15. Calculate the remainder when v(h) is divided by q(0).
9
Suppose 1286 = -8*o + 2150. Suppose 0 = -5*q + 4*q + 36. Calculate the remainder when o is divided by q.
0
Suppose 2 = -2*l + 12. Suppose 2*f - 39 - 25 = -l*r, -3*r = -4*f - 54. Calculate the remainder when 69 is divided by r.
13
Suppose 1937 = 17*b - 239. What is the remainder when 374 is divided by b?
118
Let s = -2324 - -2340. Calculate the remainder when 318 is divided by s.
14
Let p = -213 + 311. Let a(g) = -g**3 + 10*g**2 - 9*g + 140. What is the remainder when p is divided by a(10)?
48
Suppose -4*g - 2 = -6*g. Suppose -q - 2*y + g = -0*q, -5*y + 4 = 3*q. Suppose -6 = 3*r, -2*l + 12 = -4*r - 2. Calculate the remainder when q is divided by l.
0
Suppose 4*l + 6*p = p - 29, 0 = 5*l + 5*p + 30. Calculate the remainder when 118 is divided by l + 6/(-6) - -63.
57
Let y be 237/2 - 8/16. Let a = -48 + y. What is the remainder when a is divided by (1 + (-17)/(-2))*2?
13
Let n(t) = t - 1. Let l be n(7). Suppose -2*d + l = -0. Let c(h) = 2*h - 23. What is the remainder when c(19) is divided by d?
0
Let f(y) = y**3 - 11*y**2 + 9. Let q be f(11). What is the remainder when 33/(((-135)/(-130))/q) is divided by 24?
22
What is the remainder when 2002 is divided by 173 - 756/28 - 12?
126
Let c(f) = -2*f**3 + 48*f**2 - 11*f + 182. Calculate the remainder when c(13) is divided by 342.
337
Let p be -3*(-5 - -3 - 1 - -4). Calculate the remainder when 332 is divided by 2 - (p + (3 - 1)).
2
Let m(r) = -r - 18. Let d(q) = -2*q - 21. Let f(z) = 2*d(z) - 3*m(z). Calculate the remainder when 52 is divided by f(-11).
6
Let t be (-6)/21 + 44/7 + -2. What is the remainder when 7483/77 + t*(-3)/66 is divided by 26?
19
Let p = -130 + 130. Suppose g = -p*f - 4*f + 9, -5*f = -g. Calculate the remainder when 8 is divided by g.
3
Suppose -16*a + 15 + 49 = 0. Suppose -t = 4*n - 5*t - 16, 3*n = 2*t + 13. What is the remainder when (a/(100/45))/(12/40) is divided by n?
1
Suppose 3*y - 4*w = -45 + 684, 0 = -3*w + 9. Let l(r) = r**3 + 23*r**2 + 40*r + 2. What is the remainder when y is divided by l(-21)?
41
Calculate the remainder when 1446 is divided by (-9)/(9/1)*-5*1.
1
Suppose 0 = 6*k + 366 - 948. Let v = k + -61. Calculate the remainder when v is divided by 13.
10
Let d = -5394 - -5565. Calculate the remainder when d is divided by 79.
13
Let j = 100 + 185. Suppose -2*u - 4 = 0, -87*u + 84*u + 9 = 5*k. Suppose j = 4*s + k*y - 2*y, 0 = s + 5*y - 76. Calculate the remainder when s is divided by 12.
11
Suppose 35*w - 29*w - 18 = 0. What is the remainder when 9*11/(-66)*(-286)/w is divided by 36?
35
Suppose 23*n - 936 = 5*n. Suppose 2*i - 5*a - 66 = 0, 9*a - 7*a = -2*i + n. Calculate the remainder when i is divided by 21.
7
Suppose -2*y + 4*l = 9*l - 251, y - 125 = -3*l. Calculate the remainder when 155 is divided by y.
27
Let q be ((-94)/(-4))/(0 + 7/14). Suppose -3*i = -q*n + 43*n + 140, 58 = n + 5*i. What is the remainder when 492 is divided by n?
36
Let h(c) = c**2 + 64*c + 25. Calculate the remainder when 410 is divided by h(0).
10
Let n(l) = -6*l - 20. Let a be n(-16). Let p be a/18 + (-8)/36. Suppose -2*u = -5*h + 172, -h - 166 = -6*h - p*u. What is the remainder when h is divided by 10?
4
Let q = -5078 + 5160. What is the remainder when 466 is divided by q?
56
Suppose 4*j - 1818 = -2*y, -923 = -183*j + 181*j - 3*y. What is the remainder when j is divided by 227?
224
Let f(k) = -5 + 0*k - 5*k + k - 3. Suppose 2*w + s = -14, 2*w - 5*s + 34 = -s. What is the remainder when 82 is divided by f(w)?
26
Suppose 15177 = 5*l - 2*n + n, 5*l = -2*n + 15186. What is the remainder when l is divided by 40?
36
Suppose 0 = 73*w + 954 - 1357 - 2736. What is the remainder when w is divided by 23?
20
Let x(z) = -z**2. Let p be x(2). Let c be (-11 - (-2 - 10))/(-1). Calculate the remainder when 99 is divided by p/c - (-22 + 0).
21
Let a = -29616 + 29664. What is the remainder when 177 is divided by a?
33
Suppose -2*x + 2324 = -2*y, -6972 = -6*x - 111*y + 109*y. Calculate the remainder when x is divided by 53.
49
Let q(j) = j**2 - 92*j + 235. What is the remainder when q(101) is divided by 227?
9
Let l(j) = -4*j + 6. Let p(b) = 15*b - 24. Let z(u) = 9*l(u) + 2*p(u). Let r be z(2). What is the remainder when 55 is divided by ((-28)/r)/((30/36)/5)?
27
Let r(a) = 83*a - 170. What is the remainder when 392 is divided by r(3)?
76
Suppose 0*s - 300 = -6*s. What is the remainder when 1149 is divided by s?
49
Let w = -533 + 407. Let r = 132 + w. Calculate the remainder when 88 is divided by r.
4
Let o be -12*(-1 - 20/(-8))/(-3). Suppose -15 - 21 = -o*s. Let r(p) = 2*p**3 - p**2 - 11*p + 4. Calculate the remainder when r(3) is divided by s.
4
Suppose 12*y + 108 = 21*y. Let s be 0/((-3)/(-3) - -2). Suppose s = -4*w + 5*w + 2*i - 51, -2*i + 228 = 4*w. What is the remainder when w is divided by y?
11
Suppose 5*a - 236 = -4*k, -2*a = -365*k + 362*k - 76. Calculate the remainder when 1495 is divided by a.
43
Suppose -298 = 3*m - 2*f + 3*f, -f - 199 = 2*m. Let k = 207 + m. Suppose -k = -2*b - 7*b. Calculate the remainder when 82 is divided by b.
10
Suppose -4*s = -9*s + 1465. Suppose 292*y - s*y + 45 = 0. What is the remainder when 154 is divided by y?
19
Let r(y) be the second derivative of 0 - 1/2*y**2 - 2*y + 1/6*y**3 + 5/12*y**4. Calculate the remainder when r(-2) is divided by 5.
2
Let b(a) = -97 + 132 - 71 + 12*a. Calculate the remainder when 118 is divided by b(8).
58
Let f(k) = -2*k**2 + k + 11. Let u be f(0). Suppose 3*y - u = 13. Suppose p - 3 - 12 = 0. What is the remainder when p is divided by y?
7
Suppose -6*y = -14*y + 634 + 8270. What is the remainder when y is divided by 31?
28
Suppose -3*i = -1 - 17. Let j be (i/9)/(1/54). Let d = j + -29. What is the remainder when 11 is divided by d?
4
Let p = -3683 + 4297. Calculate the remainder when p is divided by 26.
16
Suppose -121 = -4*n + 623. Suppose 0 = 5*z - n - 109. Let i = 122 - z. Calculate the remainder when i is divided by 16.
15
Suppose 60 = -0*u + 5*u. Suppose -6*b = -u*b. Let w(a) = -a**2 - 4*a + 73. What is the remainder when w(b) is divided by 25?
23
Let h(m) = -23*m - 108. Let n be h(-6). Suppose -35*b + n*b = -90. Suppose 5*i = 421 - 71. Calculate the remainder when i is divided by b.
16
Let w(b) = b**3 - 12*b**2 - 13*b - 14. What is the remainder when w(14) is divided by 161?
35
Suppose 219 = m + 218. Let p(l) be the first derivative of 15*l**4/2 - l**3/3 + l**2/2 - 2. Calculate the remainder when 58 is divided by p(m).
28
Suppose -19*y = -15*y - 4*g - 428, 2*y = -5*g + 193. What is the remainder when 829 is divided by y?
101
Let y be 81/((-15)/(-13) + (-42)/273). Let p = 102 - y. Calculate the remainder when 80 is divided by p.
17
Suppose 36*h - 188 = 316. Suppose h*f - 3704 = -1072. Calculate the remainder when f is divided by 38.
36
Let u(m) = -m**2 - 16*m + 46. Calculate the remainder when 31 + (-9)/3*1 is divided by u(-18).
8
Let c(j) = -j - 15. Let a be c(-6). Let y be (-128)/2 + -3*6/a. Let t = 94 + y. What is the remainder when 61 is divided by t?
29
Suppose 0 = w + 2*x - 5*x + 23, 2*w + x + 32 = 0. Calculate the remainder when (-26 + w)*(0 - -1)*-1 is divided by 23.
20
Let a be 0 + (-6)/6 + 4. Let v(d) = d - 5. Let w be v(5). Suppose z - 4*z + 3*g + 117 = w, -33 = -z + a*g. What is the remainder when z is divided by 15?
12
Suppose 0 = -2*v - 0 + 34. Let c = 25 - v. Let b(a) = a**3 + 37*a**2 - 21*a - 774. What is the remainder when c is divided by b(-37)?
2
Suppose 0 = -925*r + 918*r + 19446. Calculate the remainder when r is divided by 16.
10
Let r(a) = 6*a**3 - 3*a**2 -